48860 is divided by 117435.
160
Calculate the remainder when 54085637 is divided by 195255.
2
Calculate the remainder when 4464438 is divided by 613.
572
Calculate the remainder when 471179 is divided by 65.
59
What is the remainder when 559863 is divided by 1085?
3
What is the remainder when 187318 is divided by 901?
811
Calculate the remainder when 6468762 is divided by 259.
237
Calculate the remainder when 9781132 is divided by 1045.
977
What is the remainder when 7797721 is divided by 3898815?
91
What is the remainder when 83899734 is divided by 9?
6
Calculate the remainder when 14914352 is divided by 6401.
22
Calculate the remainder when 3318190 is divided by 182.
148
What is the remainder when 42828620 is divided by 36?
32
What is the remainder when 269490 is divided by 1730?
1340
What is the remainder when 1272047 is divided by 113?
6
Calculate the remainder when 8452947 is divided by 517.
514
What is the remainder when 53096 is divided by 3222?
1544
Calculate the remainder when 43523565 is divided by 4257.
4254
Calculate the remainder when 75772836 is divided by 37886410.
16
What is the remainder when 322950 is divided by 2670?
2550
Calculate the remainder when 107006971 is divided by 21401394.
1
What is the remainder when 484844 is divided by 96?
44
What is the remainder when 1164932 is divided by 194154?
8
What is the remainder when 52895578 is divided by 2004?
2002
What is the remainder when 5597489 is divided by 1025?
989
Calculate the remainder when 218962 is divided by 218958.
4
What is the remainder when 965773365 is divided by 1476?
1473
Calculate the remainder when 96306 is divided by 19061.
1001
What is the remainder when 1237573 is divided by 112502?
51
Calculate the remainder when 14270696 is divided by 2384.
72
What is the remainder when 748423 is divided by 186476?
2519
What is the remainder when 5791430 is divided by 3435?
20
Calculate the remainder when 4563002 is divided by 83.
77
Calculate the remainder when 44642 is divided by 2480.
2
What is the remainder when 5766730 is divided by 186?
172
What is the remainder when 2609572 is divided by 4264?
4
What is the remainder when 1353270 is divided by 68?
2
What is the remainder when 13539105 is divided by 188043?
9
Calculate the remainder when 3637740 is divided by 1083.
1026
What is the remainder when 201455 is divided by 214?
81
Calculate the remainder when 1859269 is divided by 19992.
13
What is the remainder when 88176615 is divided by 69?
66
What is the remainder when 46717976 is divided by 291?
254
What is the remainder when 34029236 is divided by 33?
32
What is the remainder when 1201194 is divided by 200195?
24
What is the remainder when 15631947 is divided by 129?
114
What is the remainder when 157091758 is divided by 497?
495
What is the remainder when 5770110 is divided by 33?
27
What is the remainder when 345069 is divided by 86261?
25
What is the remainder when 2611487 is divided by 1048?
919
Calculate the remainder when 5430173 is divided by 2715086.
1
What is the remainder when 9626140 is divided by 428?
420
What is the remainder when 14804 is divided by 13006?
1798
Calculate the remainder when 15916079 is divided by 58.
9
Calculate the remainder when 666142 is divided by 4303.
3480
Calculate the remainder when 32148341 is divided by 134.
133
Calculate the remainder when 6366 is divided by 6337.
29
Calculate the remainder when 16882099 is divided by 81556.
7
What is the remainder when 1390440 is divided by 596?
568
What is the remainder when 558694 is divided by 219?
25
What is the remainder when 30848467 is divided by 175?
167
What is the remainder when 35015 is divided by 786?
431
Calculate the remainder when 971434 is divided by 185.
184
Calculate the remainder when 81040321 is divided by 72.
1
What is the remainder when 1243790 is divided by 207179?
716
What is the remainder when 396129 is divided by 2676?
81
Calculate the remainder when 528632 is divided by 440.
192
Calculate the remainder when 9398151 is divided by 90.
81
Calculate the remainder when 4284651 is divided by 45.
21
What is the remainder when 49047 is divided by 418?
141
What is the remainder when 673600 is divided by 14966?
130
What is the remainder when 10080848 is divided by 7?
1
What is the remainder when 561046 is divided by 549?
517
What is the remainder when 6754271 is divided by 228?
227
Calculate the remainder when 214833 is divided by 11928.
129
What is the remainder when 241807 is divided by 502?
345
What is the remainder when 29577266 is divided by 3917?
3916
Calculate the remainder when 835787 is divided by 4137.
113
Calculate the remainder when 73948 is divided by 126.
112
What is the remainder when 200605 is divided by 1928?
93
What is the remainder when 50310473 is divided by 58?
55
What is the remainder when 7271285 is divided by 319?
318
Calculate the remainder when 25533879 is divided by 17.
15
Calculate the remainder when 7238337 is divided by 1793.
1789
What is the remainder when 721347899 is divided by 9100?
9099
What is the remainder when 4792165 is divided by 28?
21
What is the remainder when 102128877 is divided by 148?
145
Calculate the remainder when 15167474 is divided by 2909.
2857
What is the remainder when 843493 is divided by 16?
5
What is the remainder when 68578742 is divided by 10375?
10367
Calculate the remainder when 6537645 is divided by 3268819.
7
Calculate the remainder when 6899490 is divided by 8789.
125
Calculate the remainder when 1607859 is divided by 22301.
2187
Calculate the remainder when 10286197 is divided by 129.
124
What is the remainder when 144318777 is divided by 54?
51
What is the remainder when 28950452 is divided by 2895043?
22
What is the remainder when 89803 is divided by 14902?
391
What is the remainder when 236602 is divided by 235?
192
What is the remainder when 71758 is divided by 2744?
414
Calculate the remainder when 1365713384 is divided by 8892.
8888
Calculate the remainder when 259926 is divided by 129900.
126
What is the remainder when 6204637 is divided by 56?
5
Calculate the remainder when 2197903 is divided by 28.
15
Calculate the remainder when 4988974 is divided by 12288.
46
What is the remainder when 90538365 is divided by 338?
333
What is the remainder when 873695 is divided by 436845?
5
What is the remainder when 18240454 is divided by 312?
310
What is the remainder when 4011079 is divided by 3337?
5
Calculate the remainder when 12607 is divided by 127.
34
What is the remainder when 3027056 is divided by 126?
32
Calculate the remainder when 852139 is divided by 69.
58
What is the remainder when 8757500 is divided by 6501?
653
Calculate the remainder when 14670555 is divided by 81.
78
What is the remainder when 4258219 is divided by 226?
153
Calculate the remainder when 5460 is divided by 2648.
164
Calculate the remainder when 2685028 is divided by 298331.
49
Calculate the remainder when 157153 is divided by 395.
338
What is the remainder when 7663671 is divided by 220?
191
What is the remainder when 185542237 is divided by 416?
413
Calculate the remainder when 1120733 is divided by 1017.
1016
Calculate the remainder when 195731 is divided by 1549.
557
What is the remainder when 7119310 is divided by 1427?
7
What is the remainder when 1354433 is divided by 141?
128
Calculate the remainder when 78489 is divided by 1427.
4
What is the remainder when 7833133 is divided by 626?
621
What is the remainder when 17677 is divided by 7416?
2845
Calculate the remainder when 153907749 is divided by 515.
514
What is the remainder when 11649 is divided by 176?
33
What is the remainder when 2457042 is divided by 163800?
42
Calculate the remainder when 604502 is divided by 23241.
236
Calculate the remainder when 19917580 is divided by 26735.
5
What is the remainder when 1344202 is divided by 864?
682
Calculate the remainder when 70863529 is divided by 2834541.
4
Calculate the remainder when 25500486 is divided by 359.
357
Calculate the remainder when 82284 is divided by 41.
38
What is the remainder when 236962 is divided by 6580?
82
What is the remainder when 633362 is divided by 316642?
78
Calculate the remainder when 2300382 is divided by 2576.
14
Calculate the remainder when 3604098 is divided by 360405.
48
What is the r